8 + -6 + 3.
1
What is the value of 4 + 2 - (2 - -3 - 2)?
3
6 - (3 + 1 - 4)
6
What is the value of -2 + 3 + -1 + (-1 - -1)?
0
What is -4 + (-7 - 1) + 7?
-5
What is the value of -5 + (-9 - -2) - -11?
-1
Evaluate 2 - (0 - (-2 - 3 - 7)).
-10
What is 5 + -2 + (1 - 1) + 0?
3
Evaluate (-5 - -6) + 2 - (0 + 0).
3
What is -4 - (10 - (12 - 1))?
-3
Evaluate 4 - (-9 + 3) - 9.
1
(3 - (-2 + 2)) + -1 + -1
1
Evaluate -3 + (-7 - (5 + -14)).
-1
Calculate 0 + -1 + -2 + (5 - -1).
3
-10 + 9 + (-3 - 1)
-5
Evaluate (-9 - (1 + 1 + -3)) + 4.
-4
(4 - (3 + 1)) + 3
3
5 + (-16 - -15) + (0 - -6)
10
Evaluate -8 - -6 - (-1 - 0).
-1
What is the value of 3 - (1 - 0) - -6?
8
Evaluate 5 - (-5 - -15) - (8 + -4).
-9
What is the value of 0 + 1 + 1 + -6 + 9?
5
Evaluate 55 - 49 - (2 - -3 - 1).
2
1 + 3 - (-5 + 12 + -6)
3
Calculate -2 + (-2 - (-3 - 0) - 0).
-1
What is -8 + 12 + (-7 - -4)?
1
What is the value of (-3 - 0) + (-10 - -7) - -4?
-2
What is 4 + 4 + (-3 - 3) - -1?
3
What is the value of -15 + (3 - -7) + 2?
-3
What is 6 + -6 + -4 + 6?
2
What is (-2 + -8 - -4) + 9?
3
-2 + (4 - 2) - -2
2
What is 5 + (-8 - -5) + 3?
5
Calculate 4 - 9 - -6 - -1.
2
5 + 2 + (2 + -4 - 3)
2
Calculate (6 - -1) + (3 - (-2 + 8)).
4
Evaluate 7 - (-8 + (10 - 1)).
6
What is the value of -26 - -23 - (-3 - 1)?
1
What is the value of (0 - 1) + 3 + -16 + 14?
0
What is the value of (0 - 1) + 5 + 1?
5
What is the value of 4 + -3 + -6 + -3 + 7?
-1
Evaluate -11 + (12 + -5 - 1) - 0.
-5
Calculate -3 + -1 + (13 - 6) + -2.
1
What is 3 + (-2 - 0) + -1 - 5?
-5
Evaluate -6 - (-12 - (3 + -8)).
1
Calculate -4 + -4 + (-4 - -7).
-5
What is the value of (-25 - -16) + 0 + 7?
-2
Evaluate 11 + (-2 - 9) + (-1 - -1).
0
Calculate 4 + (-12 - -11 - (0 + 9)).
-6
13 + 1 + -28 + 6 + 15
7
Evaluate (-2 - 2) + 0 + -1.
-5
What is the value of -5 + -2 - (-9 + 0)?
2
Evaluate 2 + -2 - (1 - 1 - -6).
-6
Evaluate -2 + (0 - 1) - 4.
-7
Calculate (4 + -17 - -2) + 15.
4
What is 0 + 0 + (2 - 1) + -1?
0
Calculate 0 + (2 - (-6 - -4)) + -3.
1
What is the value of 3 + (1 - 5) - (1 + -1)?
-1
What is the value of (3 - -14 - 7) + -19?
-9
Calculate 1 - ((-1 - -1) + 0).
1
Calculate 1 + (-1 - -1) + -8.
-7
What is (-5 - (-4 - 3)) + -5?
-3
Calculate 0 + -2 + 0 + 1 + 2.
1
Evaluate 3 + 0 + 2 + (2 - 12).
-5
What is -8 - -7 - (18 + -26)?
7
What is -68 + 57 - (-2 - (-1 + 6))?
-4
(34 - 25) + (-2 - 1)
6
Evaluate 4 + 1 - (14 - 15).
6
What is 2 + (1 + 2 - 3) - 1?
1
Calculate -1 + 0 + 3 + -4 - -5.
3
(16 + -14 - (-1 + -1)) + -1
3
-4 + 1 + (7 - (7 + -4))
1
0 - (-1 + 17 + -14)
-2
(5 - (1 - -12)) + 3
-5
What is the value of -1 + (-5 - (-15 + 7 + -2))?
4
Calculate 0 - 2 - (-38 + 38) - 0.
-2
Calculate 6 - (14 - (10 + -2)).
0
What is 13 - (1 + 4) - 3?
5
-2 + -6 + 8 + -4
-4
What is -7 + 16 + (-4 - (2 - 3))?
6
Evaluate -2 - -1 - 3 - (-2 - 3).
1
Calculate (2 - -1) + 2 - 10.
-5
What is the value of 1 + -1 + -3 - (-6 + 5)?
-2
-143 + 160 - (7 + -1)
11
Calculate 1 - 0 - (2 + 0) - 6.
-7
Evaluate 1 + 1 - (1 + 4 + -11).
8
Evaluate 3 + -12 + 2 - 2.
-9
Evaluate (3 - -2) + (-3 - (1 - -1)).
0
What is -2 + -9 + -5 + 10?
-6
What is the value of (2 - (6 + -1)) + 0?
-3
Calculate -6 - (0 + 4 + (5 - 13)).
-2
What is the value of 31 + -39 + (-2 - -7 - -3)?
0
What is (7 - 3 - (5 - 3)) + -7?
-5
Calculate -5 + (1 + 4 + -5 - -5).
0
Calculate (-2 + -12 - -7) + 2.
-5
13 - 4 - 3 - (0 - -2)
4
What is the value of 2 - ((1 + 2 - 0) + 1)?
-2
What is the value of 5 - ((9 - 6) + 3)?
-1
Evaluate (3 - 0) + 4 + -6.
1
Calculate 5 - (5 - -1) - (1 + 2).
-4
Evaluate (-4 - -7 - -4) + (1 - 4).
4
Evaluate (-1 - (-3 - -4)) + 0.
-2
What is -3 + -2 + 5 + (-8 - -3)?
-5
Calculate -11 - 0 - (-5 + (9 - 11)).
-4
-2 + 2 + (8 - 11)
-3
What is 3 + (4 - 2) + 0 - 11?
-6
What is the value of -5 + 7 - (4 - -2)?
-4
What is -1 + 1 - -4 - (-14 - -22)?
-4
What is the value of -3 + (-8 - 1) + 4 + 2?
-6
17 + -5 + 6 + -13
5
-6 + 0 + 0 + -12 + 17
-1
2 + 2 + 0 + -2
2
Calculate 3 - (-1 + 0) - (121 + -112).
-5
Calculate (-2 - (0 - 4)) + -7.
-5
What is the value of 0 + (-3 + -1 - (5 + -4))?
-5
Evaluate -7 - (4 - 12) - 7.
-6
Calculate 4 - (8 + -9) - -2 - 9.
-2
Evaluate (6 + -4 - -6) + -2 + 0.
6
What is the value of -10 - (-8 + 11 + -11)?
-2
What is the value of -6 - (2 + 0 + 5 + -8)?
-5
5 - (-6 - -12) - -7
6
Calculate (3 - 3) + 13 + 1 + -7.
7
What is the value of 4 - (-1 + 12 + -6)?
-1
Evaluate 1 - (-11 + -7 + 11).
8
What is the value of -3 - ((2 - (5 + -4)) + 1)?
-5
0 + (-4 + 4 - 3) + 2
-1
What is the value of (1 - -1) + (2 - -1 - 6)?
-1
What is the value of (1 - (-1 + -2)) + -9?
-5
2 - (-2 - (1 - 1))
4
Evaluate -6 + 1 + (7 - -2).
4
-5 + (0 - 0) + -5 + 6
-4
-1 - (6 + -9 - (1 - -2))
5
What is the value of 3 - ((0 + -3 - -2) + 1)?
3
What is the value of 0 + -3 + (-8 + 4 - -6)?
-1
Evaluate 7 - 7 - (1 + 2) - -3.
0
Evaluate -4 - (-2 + 0) - (19 + -18).
-3
Evaluate (17 - 5) + (-30 - -18).
0
0 + -1 - (10 + -15)
4
What is the value of 2 - ((-4 - -1) + 3 + 0)?
2
Calculate (-12 - -16) + (-3 - 0).
1
Evaluate (-2 + 4 - -2) + -5.
-1
What is the value of 15 + -3 + -8 + 3?
7
Evaluate 6 + (2 - (9 + 1)).
-2
7 + -2 + 10 + -8
7
What is 2 - (-3 + 10) - -2?
-3
What is (-13 - -17 - 5) + -1 + -3?
-5
Evaluate -2 + 2 - (7 + -5).
-2
What is 0 + -2 + 4 + 0 + 0?
2
Calculate -1 + 5 + (10 - 21).
-7
What is 8 + (0 - (-4 - -14))?
-2
What is the value of -9 + 11 - 0 - (3 - 3)?
2
Evaluate -3 + (-4 - (2 - 2 - 2)).
-5
4 + 1 - (12 - 7)
0
What is (7 - 1) + 19 + -23?
2
Calculate (4 - 0) + (2 - 11) + 3.
-2
(-7 - 1) + 4 + 5 - 5
-4
Calculate -1 + -1 + (-8 - -6) + 9.
5
What is (-3 + 5 - (-9 + 3)) + -6?
2
What is the value of (13 - 14) + (1 - -3)?
3
183 - 190 - (2 + (-1 - 17))
9
What is the value of 2 - (14 - (-6 - -10)) - -3?
-5
What is (-4 - (0 + 0)) + 6 + -9?
-7
What is the value of 7 + -4 - (-8 + 9) - -3?
5
6 + -5 + 0 - -4
5
What is -3 + 2 + 0 + -3?
-4
What is the value of (0 - (1 - -1)) + 17 + -16?
-1
What is -5 - ((3 - -5) + -4 + -2)?
-7
What is 4 - -2 - (-2 + 8)?
0
Calculate -1 + (-10 - -2) - -4.
-5
What is -8 - (-5 - (7 - 6) - -4)?
-6
What is the value of 9 + -1 - (5 + (3 - 5))?
5
Calculate -3 - (2 + -3) - (-2 - -1).
-1
What is 8 + (-16 - (9 + -10))?
-7
What is the value of 5 - ((6 - 9) + (3 - -1))?
4
Evaluate -7 + 3 + (1 - -10) + -4.
3
Calculate -8 + 1 - (5 - 5 - 4).
-3
Calculate -3 - ((2 - 1 - -2) + -4).
-2
Evaluate 4 + 1 + (1 - 3).
3
1 - (-8 - (-4 + 0))
5
(1 - (0 - 1)) + -5 - 4
-7
What is the value of -7 - (7 - 10 - -3)?
-7
What is 7 + -2 - (-8 + (3 - -9))?
1
-7 + 1 + -1 - -3
-4
Calculate -4 - ((-6 - -12) + -11).
1
12 + 2 - (-21 - -31)
4
What is 1 - -1 - (-8 + (6 - 2))?
6
What is (-3 - (4 - 0)) + 3?
-4
What is (4 + 0 - (10 - 4)) + -3?
-5
Evaluate 4 + 2 + -1 - 9.
-4
Calculate (2 - (2 - 0)) + -3 + 1.
-2
Evaluate -2 + 6 + -1 + -1.
2
6 + -2 + -1 + -1
2
What is (-1 - -2) + (3 - -6 - 14)?
-4
Evaluate 0 - -11 - (-3 - (-3 - 6)).
5
0 - 1 - (7 + -7 - 2)
1
Calculate -4 - 0 - (2 - 6 - -2).
-2
-3 + 2 + 0 + (0 - 1)
-2
What is the value of 17 - 12 - (3 + 5 + -1)?
-2
-6 + (6 - -1) - (-2 - -4)
-1
Calculate 3 + -1 + 12 + -15.
-1
4 + (-20 - -10) + 5
-1
Evaluate (-3 - (-1 + 0) - 0) + 1.
-1
Calculate -73 + 69 - (2 + 0 - 5).
-1
What is the value of 2 - (4 + (-3 + 0 - 2))?
3
What is (-5 - (-1 + -8)) + (-2 - -1)?
3
8 - (0 + (-2 - -5))
5
What is the value of -2 + 1 + 0 + (-31 - -31)?
-1
(-1 - -1) + (5 + 3 - 10)
-2
6 + -8 + -1 - 0
-3
Calculate -3 + 2 - (0 - -2).
-3
What is 0 - (5 + 1 - (-18 + 19))?
-5
0 + -2 + (-5 - -4)
-3
-2 + 2 - (1 - -1) - 3
-5
Calculate 0 + (0 - (0 + (-1 - -2))).
-1
What is the value of (5 + 0 - 0) + -9 + -2?
-6
What is 2 + (-7 - -3) + 9 + -7?
0
Evaluate 7 + -5 + -1 + 1.
2
What is the value of -5 - (-6 + 5) - -9?
5
What is the value of (1 - 3) + (10 - 3)?
5
-1 + 2 - (-23 - -20)
4
11 + 3 + -7 + -3
4
Evaluate 8 - 4 - (6 + -4).
2
Evaluate -3 - (-4 + 1 - (6 - 5)).
1
-3 - ((1 - 2) + 1 - -2)
-5
Evaluate -21 + 29 + 2 + -5.
5
Calculate 1 + 1 - (-12 + 9 - -5).
0
Calculate -1 - (-14 + 9 - -1).
3
What is the value of 1 - (5 + 7 + (-6 - 13))?
8
Calculate (-1 - -6) + -2 + -1 + 0.
2
What is the value of 1 + 1 + (-33 - -31) - -3?
3
Calculate 6 + 0 + -4 + (0 - -2).
4
Evaluate 2 + 1 + (-4 - -6).
5
Evaluate (1 - -2 - (-1 + 3)) + -3.
-2
Calculate -11 - (6 + -11 + -1).
-5
What is the value of 5 + (-6 + 3 - (0 - 3))?
5
Calculate -3 + -1 - -8 - (2 + 1).
1
Calculate -4 + 7 + -3 - 3 - -8.
5
What is (1 - -4) + 1